{"id":87,"date":"2013-02-19T21:19:00","date_gmt":"2013-02-19T20:19:00","guid":{"rendered":"http:\/\/chorseite.de\/wordpress2\/?page_id=87"},"modified":"2020-11-10T23:17:48","modified_gmt":"2020-11-10T22:17:48","slug":"informationen","status":"publish","type":"page","link":"https:\/\/www.chorseite.de\/?page_id=87","title":{"rendered":"Informationen"},"content":{"rendered":"<hr \/>\n<h3>Aktuelle Infos von Michael Wittig zur CHorarbeit unter Corona-Bedingungen<\/h3>\n<p>Liebe Chorleiter und Saitenspieler,<u><\/u><u><\/u><\/p>\n<p>die neuen Verordnungen ab 02.11. bis 30.11.2020 haben auch Auswirkungen auf unsere Musikarbeit.<\/p>\n<p>Beim Singen und Musizieren in Gemeinschaftsstunden und Proben muss daher ein st\u00e4ndiger Mundschutz getragen werden, denn<u><\/u><u><\/u> gegenw\u00e4rtig darf dieser nur zum Abendmahl abgenommen werden.<u><\/u><u><\/u><\/p>\n<p>Ob ihr euch unter diesen Voraussetzungen treffen wollt, m\u00fcsst ihr vor Ort entscheiden.<\/p>\n<p>Wenn nicht unbedingt n\u00f6tig, rate ich, auf Proben mit dem Gesamtchor in den R\u00e4umen der Gemeinschaft im November zu verzichten.<u><\/u><u><\/u><\/p>\n<p>Einige andere M\u00f6glichkeiten des Singens und Musizierens hatte ich im letzten Brief bereits beschrieben.<\/p>\n<p><u><\/u>\u00a0<u><\/u>Man kann sich aber auch in einer Wohnung treffen, wenn die Hygienevorschriften mit den Abst\u00e4nden und der eingeschr\u00e4nkten Besucherzahl aus zwei Haushalten eingehalten werden kann.<u><\/u><u><\/u><\/p>\n<p>Ein Hinweis noch f\u00fcr die\u00a0<b>Bl\u00e4ser<\/b>, die auch einen Brief von Stephan erhalten haben:<u><\/u><u><\/u><\/p>\n<p>\u201eDie f\u00fcr diesen Monat vorgeschriebenen Kontaktbeschr\u00e4nkungen machen grunds\u00e4tzlich das Blasen in R\u00e4umen im Rahmen der \u00d6ffentlichkeit unserer Posaunenchorarbeit unm\u00f6glich.\u201c<u><\/u><u><\/u><\/p>\n<p>Wir hoffen, dass es im Dezember wieder etwas lockerer werden kann. Aber es schadet nicht, schon jetzt zu \u00fcberlegen,\u00a0 wie ihr<u><\/u><u><\/u> als Chor in der Adventszeit musikalisch t\u00e4tig werden k\u00f6nnt (Kleingruppen, \u00f6ffentliches Musizieren im Freien usw.)<u><\/u><u><\/u><\/p>\n<p>Ich w\u00fcrde mich freuen, wenn wir alle verantwortlich mit dieser Situation umgehen k\u00f6nnten \u2013 auch das ist zur Ehre unseres Herrn.<u><\/u><u><\/u><\/p>\n<p>Es gr\u00fc\u00dft euch herzlich <u><\/u><u><\/u>euer<u><\/u><u><\/u> Michael.<\/p>\n","protected":false},"excerpt":{"rendered":"<p>Aktuelle Infos von Michael Wittig zur CHorarbeit unter Corona-Bedingungen Liebe Chorleiter und Saitenspieler, die neuen Verordnungen ab 02.11. bis 30.11.2020 haben auch Auswirkungen auf unsere Musikarbeit. Beim Singen und Musizieren in Gemeinschaftsstunden und Proben muss daher ein st\u00e4ndiger Mundschutz getragen werden, denn gegenw\u00e4rtig darf dieser nur zum Abendmahl abgenommen werden. Ob ihr euch unter diesen [&hellip;]<\/p>\n","protected":false},"author":1,"featured_media":0,"parent":21,"menu_order":0,"comment_status":"closed","ping_status":"closed","template":"","meta":[],"_links":{"self":[{"href":"https:\/\/www.chorseite.de\/index.php?rest_route=\/wp\/v2\/pages\/87"}],"collection":[{"href":"https:\/\/www.chorseite.de\/index.php?rest_route=\/wp\/v2\/pages"}],"about":[{"href":"https:\/\/www.chorseite.de\/index.php?rest_route=\/wp\/v2\/types\/page"}],"author":[{"embeddable":true,"href":"https:\/\/www.chorseite.de\/index.php?rest_route=\/wp\/v2\/users\/1"}],"replies":[{"embeddable":true,"href":"https:\/\/www.chorseite.de\/index.php?rest_route=%2Fwp%2Fv2%2Fcomments&post=87"}],"version-history":[{"count":20,"href":"https:\/\/www.chorseite.de\/index.php?rest_route=\/wp\/v2\/pages\/87\/revisions"}],"predecessor-version":[{"id":585,"href":"https:\/\/www.chorseite.de\/index.php?rest_route=\/wp\/v2\/pages\/87\/revisions\/585"}],"up":[{"embeddable":true,"href":"https:\/\/www.chorseite.de\/index.php?rest_route=\/wp\/v2\/pages\/21"}],"wp:attachment":[{"href":"https:\/\/www.chorseite.de\/index.php?rest_route=%2Fwp%2Fv2%2Fmedia&parent=87"}],"curies":[{"name":"wp","href":"https:\/\/api.w.org\/{rel}","templated":true}]}}